{"id":57,"date":"2014-10-09T23:11:30","date_gmt":"2014-10-09T21:11:30","guid":{"rendered":"http:\/\/widmanns-wirtshaus.de\/kabarett\/?page_id=57"},"modified":"2018-08-06T19:16:25","modified_gmt":"2018-08-06T17:16:25","slug":"rueckblick","status":"publish","type":"page","link":"https:\/\/widmanns-wirtshaus.de\/kabarett\/rueckblick\/","title":{"rendered":"R\u00fcckblick"},"content":{"rendered":"\n\n\t<ul  class=\"eo-events eo-events-shortcode\" > \n\n\t\t\n\t\t\t\n\t\t\t<li class=\"eo-event-past\" >\n\t\t\t\t<a href=\"https:\/\/widmanns-wirtshaus.de\/kabarett\/events\/event\/schmiechachhalle-conny-und-die-sonntagsfahrer\/\">Schmiechachhalle: &#8222;Conny und die Sonntagsfahrer&#8220;<\/a> am 22. M\u00e4rz 2026 20:00\t\t\t<\/li>\n\n\t\t\n\t\t\t\n\t\t\t<li class=\"eo-event-past\" >\n\t\t\t\t<a href=\"https:\/\/widmanns-wirtshaus.de\/kabarett\/events\/event\/weinstadel-karl-valentin-abend\/\">Weinstadel: &#8222;Karl Valentin und die Liebe&#8220;<\/a> am 7. Februar 2026 20:00\t\t\t<\/li>\n\n\t\t\n\t\t\t\n\t\t\t<li class=\"eo-event-cat-konzert eo-event-past\" >\n\t\t\t\t<a href=\"https:\/\/widmanns-wirtshaus.de\/kabarett\/events\/event\/quadro-nuevo-in-schmiechen-in-der-schmiechach-halle\/\">Schmiechachhalle: Quadro Nuevo in Schmiechen<\/a> am 11. Januar 2026 19:00\t\t\t<\/li>\n\n\t\t\n\t\t\t\n\t\t\t<li class=\"eo-event-past\" >\n\t\t\t\t<a href=\"https:\/\/widmanns-wirtshaus.de\/kabarett\/events\/event\/weinstadel-konzert-mit-christina-bianco-und-band\/\">Weinstadl: Konzert mit Christina Bianco und  Band<\/a> am 14. November 2025 20:00\t\t\t<\/li>\n\n\t\t\n\t\t\t\n\t\t\t<li class=\"eo-event-cat-konzert eo-event-past\" >\n\t\t\t\t<a href=\"https:\/\/widmanns-wirtshaus.de\/kabarett\/events\/event\/weinstadel-musikkabarett-m-it-markus-kapp\/\">Weinstadl: Musikkabarett mit Markus Kapp<\/a> am 18. Oktober 2025 20:00\t\t\t<\/li>\n\n\t\t\n\t\t\t\n\t\t\t<li class=\"eo-event-past\" >\n\t\t\t\t<a href=\"https:\/\/widmanns-wirtshaus.de\/kabarett\/events\/event\/in-planung-andreas-rebers-in-schmiechen-in-der-schmiechachhalle-2\/\">Schmiechachhalle: Andreas Rebers<\/a> am 30. M\u00e4rz 2025 19:00\t\t\t<\/li>\n\n\t\t\n\t\t\t\n\t\t\t<li class=\"eo-event-past\" >\n\t\t\t\t<a href=\"https:\/\/widmanns-wirtshaus.de\/kabarett\/events\/event\/in-planung-schmiechachhalle\/\">Schmiechachhalle: Kabarett Geisterfahrer und Herr Braun<\/a> am 29. Dezember 2024 19:00\t\t\t<\/li>\n\n\t\t\n\t\t\t\n\t\t\t<li class=\"eo-event-past\" >\n\t\t\t\t<a href=\"https:\/\/widmanns-wirtshaus.de\/kabarett\/events\/event\/weinstadel-harvenkonzert-mit-evelyn-huber\/\">Weinstadel: Harfenkonzert mit Evelyn Huber<\/a> am 23. November 2024 20:00\t\t\t<\/li>\n\n\t\t\n\t\t\t\n\t\t\t<li class=\"eo-event-past\" >\n\t\t\t\t<a href=\"https:\/\/widmanns-wirtshaus.de\/kabarett\/events\/event\/schariwari\/\">Schariwari, in der Schmiechachhalle<\/a> am 20. Oktober 2024 19:00\t\t\t<\/li>\n\n\t\t\n\t\t\t\n\t\t\t<li class=\"eo-event-past\" >\n\t\t\t\t<a href=\"https:\/\/widmanns-wirtshaus.de\/kabarett\/events\/event\/simon-garfunkel-revival-band-4\/\">OpenAir: Simon &amp; Garfunkel Revival Band<\/a> am 14. August 2024 20:00\t\t\t<\/li>\n\n\t\t\n\t\t\t\n\t\t\t<li class=\"eo-event-past\" >\n\t\t\t\t<a href=\"https:\/\/widmanns-wirtshaus.de\/kabarett\/events\/event\/cash-n-go-ein-sommernachtstraum\/\">CASH-N-GO in der Schmiechachhalle<\/a> am 17. M\u00e4rz 2024 18:00\t\t\t<\/li>\n\n\t\t\n\t\t\t\n\t\t\t<li class=\"eo-event-past\" >\n\t\t\t\t<a href=\"https:\/\/widmanns-wirtshaus.de\/kabarett\/events\/event\/da-meier-im-weinstadel\/\">&#8222;Da Meier&#8220; im Weinstadel<\/a> am 24. Februar 2024 20:03\t\t\t<\/li>\n\n\t\t\n\t\t\t\n\t\t\t<li class=\"eo-event-past\" >\n\t\t\t\t<a href=\"https:\/\/widmanns-wirtshaus.de\/kabarett\/events\/event\/raith-blaimer\/\">f\u00e4llt aus: Raith &amp; Blaimer;<\/a> am 18. November 2023 20:00\t\t\t<\/li>\n\n\t\t\n\t\t\t\n\t\t\t<li class=\"eo-event-cat-konzert eo-event-past\" >\n\t\t\t\t<a href=\"https:\/\/widmanns-wirtshaus.de\/kabarett\/events\/event\/paul-obrien-kanadischer-singer-songwriter\/\">Paul O\u00b4Brien (Kanadischer singer-songwriter)<\/a> am 30. September 2023 20:00\t\t\t<\/li>\n\n\t\t\n\t\t\t\n\t\t\t<li class=\"eo-event-past\" >\n\t\t\t\t<a href=\"https:\/\/widmanns-wirtshaus.de\/kabarett\/events\/event\/raith-blaimer-sonntag-30-04-2023\/\">Mathias Kellner<\/a> am 30. April 2023 20:00\t\t\t<\/li>\n\n\t\t\n\t\t\t\n\t\t\t<li class=\"eo-event-cat-konzert eo-event-past\" >\n\t\t\t\t<a href=\"https:\/\/widmanns-wirtshaus.de\/kabarett\/events\/event\/tom-flo\/\">Schmiechen, Weinstadel :  &#8222;Tom &amp; Flo &#8211; Sound der 60er Jahre&#8220;<\/a> am 19. November 2022 20:00\t\t\t<\/li>\n\n\t\t\n\t\t\t\n\t\t\t<li class=\"eo-event-past\" >\n\t\t\t\t<a href=\"https:\/\/widmanns-wirtshaus.de\/kabarett\/events\/event\/open-air-simon-garfunkel-revival-band\/\">Ausweichtermin entf\u00e4llt !<\/a> am 15. August 2022 19:00\t\t\t<\/li>\n\n\t\t\n\t\t\t\n\t\t\t<li class=\"eo-event-past\" >\n\t\t\t\t<a href=\"https:\/\/widmanns-wirtshaus.de\/kabarett\/events\/event\/paul-obrien-best-of\/\">Paul O`Brien (best of)<\/a> am 2. April 2022 20:00\t\t\t<\/li>\n\n\t\t\n\t\t\t\n\t\t\t<li class=\"eo-event-past\" >\n\t\t\t\t<a href=\"https:\/\/widmanns-wirtshaus.de\/kabarett\/events\/event\/simon-garfunkel-revival-band-3\/\">f\u00e4llt aus: Simon &amp; Garfunkel Revival Band<\/a> am 28. August 2020 20:00\t\t\t<\/li>\n\n\t\t\n\t\t\t\n\t\t\t<li class=\"eo-event-past\" >\n\t\t\t\t<a href=\"https:\/\/widmanns-wirtshaus.de\/kabarett\/events\/event\/holger-paetz-jahresrueckblick-2\/\">&#8222;Schmiechen&#8220; Weinstadel: Holger Paetz- Jahresr\u00fcckblick<\/a> am 5. Januar 2020 20:00\t\t\t<\/li>\n\n\t\t\n\t\t\t\n\t\t\t<li class=\"eo-event-past\" >\n\t\t\t\t<a href=\"https:\/\/widmanns-wirtshaus.de\/kabarett\/events\/event\/fraunhofer-saitenmusik\/\">Fraunhofer Saitenmusik<\/a> am 7. Dezember 2019 20:00\t\t\t<\/li>\n\n\t\t\n\t\t\t\n\t\t\t<li class=\"eo-event-past\" >\n\t\t\t\t<a href=\"https:\/\/widmanns-wirtshaus.de\/kabarett\/events\/event\/paul-obrien\/\">Paul O\u00b4Brien<\/a> am 18. Oktober 2019 20:00\t\t\t<\/li>\n\n\t\t\n\t\t\t\n\t\t\t<li class=\"eo-event-past\" >\n\t\t\t\t<a href=\"https:\/\/widmanns-wirtshaus.de\/kabarett\/events\/event\/blechbixn\/\">Blechbixn<\/a> am 7. September 2019 20:00\t\t\t<\/li>\n\n\t\t\n\t\t\t\n\t\t\t<li class=\"eo-event-past\" >\n\t\t\t\t<a href=\"https:\/\/widmanns-wirtshaus.de\/kabarett\/events\/event\/auf-a-wort-sts-coverband\/\">&#8222;Auf A Wort&#8220; &#8211; STS Coverband<\/a> am 1. M\u00e4rz 2019 20:00\t\t\t<\/li>\n\n\t\t\n\t\t\t\n\t\t\t<li class=\"eo-event-cat-konzert eo-event-past\" >\n\t\t\t\t<a href=\"https:\/\/widmanns-wirtshaus.de\/kabarett\/events\/event\/ecco-di-lorenzo-kabarett\/\">Ecco Meineke &#8211; (bekannt als: Ecco di Lorenzo)<\/a> am 5. Januar 2019 20:00\t\t\t<\/li>\n\n\t\t\n\t\t\t\n\t\t\t<li class=\"eo-event-cat-konzert eo-event-past\" >\n\t\t\t\t<a href=\"https:\/\/widmanns-wirtshaus.de\/kabarett\/events\/event\/rauhnachtssagen\/\">Rauhnachtssagen<\/a> am 30. November 2018 20:00\t\t\t<\/li>\n\n\t\t\n\t\t\t\n\t\t\t<li class=\"eo-event-cat-konzert eo-event-past\" >\n\t\t\t\t<a href=\"https:\/\/widmanns-wirtshaus.de\/kabarett\/events\/event\/g-o-d-garden-of-delight-2\/\">G.O.D.        Garden of Delight<\/a> am 31. August 2018 20:00\t\t\t<\/li>\n\n\t\t\n\t\t\t\n\t\t\t<li class=\"eo-event-past\" >\n\t\t\t\t<a href=\"https:\/\/widmanns-wirtshaus.de\/kabarett\/events\/event\/simon-garfunkel-revival-band-2\/\">Simon &amp; Garfunkel Revival Band<\/a> am 15. August 2018 19:00\t\t\t<\/li>\n\n\t\t\n\t\t\t\n\t\t\t<li class=\"eo-event-past\" >\n\t\t\t\t<a href=\"https:\/\/widmanns-wirtshaus.de\/kabarett\/events\/event\/simon-garfunkel-revival-band\/\">Simon &amp; Garfunkel Revival Band<\/a> am 14. August 2018 20:00\t\t\t<\/li>\n\n\t\t\n\t\t\t\n\t\t\t<li class=\"eo-event-cat-konzert eo-event-past\" >\n\t\t\t\t<a href=\"https:\/\/widmanns-wirtshaus.de\/kabarett\/events\/event\/vivid-curls\/\">Vivid Curls<\/a> am 28. Juli 2018 20:00\t\t\t<\/li>\n\n\t\t\n\t\t\t\n\t\t\t<li class=\"eo-event-past\" >\n\t\t\t\t<a href=\"https:\/\/widmanns-wirtshaus.de\/kabarett\/events\/event\/1526\/\">Peter Moreno  (dreifacher Weltrekordhalter im Bauchreden)<\/a> am 5. Mai 2018 20:00\t\t\t<\/li>\n\n\t\t\n\t\t\t\n\t\t\t<li class=\"eo-event-past\" >\n\t\t\t\t<a href=\"https:\/\/widmanns-wirtshaus.de\/kabarett\/events\/event\/nick-woodland-2\/\">Nick Woodland<\/a> am 14. April 2018 20:00\t\t\t<\/li>\n\n\t\t\n\t\t\t\n\t\t\t<li class=\"eo-event-cat-konzert eo-event-past eo-multi-day\" >\n\t\t\t\t<a href=\"https:\/\/widmanns-wirtshaus.de\/kabarett\/events\/event\/1490\/\">Stelzner &amp; Bauer        \u201cDie S\u00e4chsisch-Bayerische Satireshow\u201d<\/a> am 3. M\u00e4rz 2018 20:00\t\t\t<\/li>\n\n\t\t\n\t\t\t\n\t\t\t<li class=\"eo-event-cat-konzert eo-event-past\" >\n\t\t\t\t<a href=\"https:\/\/widmanns-wirtshaus.de\/kabarett\/events\/event\/vorpremiere-neues-programm-von-arthur-senkrecht\/\">Senkrecht &amp; Pusch haben abgesagt&#8230;es kommt Mathias Kellner !<\/a> am 2. Dezember 2017 20:00\t\t\t<\/li>\n\n\t\t\n\t\t\t\n\t\t\t<li class=\"eo-event-past\" >\n\t\t\t\t<a href=\"https:\/\/widmanns-wirtshaus.de\/kabarett\/events\/event\/ein-sommernachtstraum-2\/\">&#8222;Ein Sommernachtstraum&#8220; Simon&amp;Garfunkel Rev. Band<\/a> am 14. August 2017 20:00\t\t\t<\/li>\n\n\t\t\n\t\t\t\n\t\t\t<li class=\"eo-event-past\" >\n\t\t\t\t<a href=\"https:\/\/widmanns-wirtshaus.de\/kabarett\/events\/event\/ein-sommernachtstraum\/\">&#8222;Ein Sommernachtstraum&#8220; Simon&amp; Garfunkel Rev. Band<\/a> am 13. August 2017 20:00\t\t\t<\/li>\n\n\t\t\n\t\t\t\n\t\t\t<li class=\"eo-event-past\" >\n\t\t\t\t<a href=\"https:\/\/widmanns-wirtshaus.de\/kabarett\/events\/event\/bernd-regenauer\/\">Bernd Regenauer<\/a> am 6. Mai 2017 20:00\t\t\t<\/li>\n\n\t\t\n\t\t\t\n\t\t\t<li class=\"eo-event-past\" >\n\t\t\t\t<a href=\"https:\/\/widmanns-wirtshaus.de\/kabarett\/events\/event\/g-o-d-garden-of-delight\/\">G.O.D.  (Garden of delight)<\/a> am 8. April 2017 20:00\t\t\t<\/li>\n\n\t\t\n\t\t\t\n\t\t\t<li class=\"eo-event-past\" >\n\t\t\t\t<a href=\"https:\/\/widmanns-wirtshaus.de\/kabarett\/events\/event\/nessie-tausendschoen-2\/\">Nessie Tausendsch\u00f6n<\/a> am 26. M\u00e4rz 2017 20:00\t\t\t<\/li>\n\n\t\t\n\t\t\t\n\t\t\t<li class=\"eo-event-past\" >\n\t\t\t\t<a href=\"https:\/\/widmanns-wirtshaus.de\/kabarett\/events\/event\/kabarettischtischer-jahresrueckblick-holger-paetz\/\">Kabarettischtischer Jahresr\u00fcckblick &#8211; Holger Paetz<\/a> am 5. Januar 2017 20:00\t\t\t<\/li>\n\n\t\t\n\t\t\t\n\t\t\t<li class=\"eo-event-past eo-multi-day\" >\n\t\t\t\t<a href=\"https:\/\/widmanns-wirtshaus.de\/kabarett\/events\/event\/simon-garfunkel-revival-band-schmiechach-halle-in-schmiechen\/\">Simon u.Garfunkel Revival Band &#8211; Schmiechach Halle in Schmiechen<\/a> am 14. August 2016 20:00\t\t\t<\/li>\n\n\t\t\n\t\t\t\n\t\t\t<li class=\"eo-event-past eo-multi-day\" >\n\t\t\t\t<a href=\"https:\/\/widmanns-wirtshaus.de\/kabarett\/events\/event\/simon-garfunkel-revival-band-schmiechach-halle-in-schmiechen\/\">Simon u.Garfunkel Revival Band &#8211; Schmiechach Halle in Schmiechen<\/a> am 13. August 2016 20:00\t\t\t<\/li>\n\n\t\t\n\t\t\t\n\t\t\t<li class=\"eo-event-cat-konzert eo-event-past\" >\n\t\t\t\t<a href=\"https:\/\/widmanns-wirtshaus.de\/kabarett\/events\/event\/knedlkraut-in-schmiechen-in-der-schmiechach-halle\/\">Knedl&amp;Kraut in Schmiechen in der Schmiechach Halle<\/a> am 30. Juli 2016 20:00\t\t\t<\/li>\n\n\t\t\n\t\t\t\n\t\t\t<li class=\"eo-event-past\" >\n\t\t\t\t<a href=\"https:\/\/widmanns-wirtshaus.de\/kabarett\/events\/event\/schwarze-gruetze-im-pfarrsaal-in-egling\/\">&#8222;Schwarze Gr\u00fctze&#8220; im Pfarrsaal in Egling<\/a> am 19. M\u00e4rz 2016 20:00\t\t\t<\/li>\n\n\t\t\n\t\t\t\n\t\t\t<li class=\"eo-event-cat-konzert eo-event-past\" >\n\t\t\t\t<a href=\"https:\/\/widmanns-wirtshaus.de\/kabarett\/events\/event\/menueabend-mit-chanson-barbara-2\/\"><\/a> am 5. M\u00e4rz 2016 19:00\t\t\t<\/li>\n\n\t\t\n\t\t\t\n\t\t\t<li class=\"eo-event-cat-konzert eo-event-past\" >\n\t\t\t\t<a href=\"https:\/\/widmanns-wirtshaus.de\/kabarett\/events\/event\/kabarett-aus-der-schweitz-mit-thomas-loetscher-alias-veri\/\"><\/a> am 6. Februar 2016 20:00\t\t\t<\/li>\n\n\t\t\n\t\t\t\n\t\t\t<li class=\"eo-event-cat-konzert eo-event-past\" >\n\t\t\t\t<a href=\"https:\/\/widmanns-wirtshaus.de\/kabarett\/events\/event\/martina-eisenreich-quartett\/\">Martina Eisenreich Quartett<\/a> am 5. Januar 2016 20:00\t\t\t<\/li>\n\n\t\t\n\t\t\t\n\t\t\t<li class=\"eo-event-cat-konzert eo-event-past\" >\n\t\t\t\t<a href=\"https:\/\/widmanns-wirtshaus.de\/kabarett\/events\/event\/rauhnachtsagen-musik-lesung\/\">&#8222;Franziska Wanninger&#8220;   &#8211;  Wortkabarett: &#8222;Guad is guad gnua&#8220;<\/a> am 28. November 2015 20:00\t\t\t<\/li>\n\n\t\t\n\t\t\t\n\t\t\t<li class=\"eo-event-cat-konzert eo-event-past\" >\n\t\t\t\t<a href=\"https:\/\/widmanns-wirtshaus.de\/kabarett\/events\/event\/terzinfarkt-acapella\/\">&#8222;Terzinfarkt&#8220; a`capella<\/a> am 24. Oktober 2015 20:00\t\t\t<\/li>\n\n\t\t\n\t\t\t\n\t\t\t<li class=\"eo-event-cat-konzert eo-event-past\" >\n\t\t\t\t<a href=\"https:\/\/widmanns-wirtshaus.de\/kabarett\/events\/event\/riscant-menueabend-ente-gut-alles-gut\/\">Menueabend: &#8222;Ente gut &#8211; alles Gut&#8220; mit &#8222;westufer&#8220;<\/a> am 9. Oktober 2015 19:00\t\t\t<\/li>\n\n\t\t\n\t\t\t\n\t\t\t<li class=\"eo-event-cat-konzert eo-event-past\" >\n\t\t\t\t<a href=\"https:\/\/widmanns-wirtshaus.de\/kabarett\/events\/event\/garden-delight\/\">&#8222;Garden of Delight&#8220;<\/a> am 26. September 2015 20:00\t\t\t<\/li>\n\n\t\t\n\t\t\t\n\t\t\t<li class=\"eo-event-cat-konzert eo-event-past\" >\n\t\t\t\t<a href=\"https:\/\/widmanns-wirtshaus.de\/kabarett\/events\/event\/knedl-kraut-lachlederne-wirtshausmusi\/\">Knedl &amp; Kraut, Lachlederne Wirtshausmusi<\/a> am 1. August 2015 20:00\t\t\t<\/li>\n\n\t\t\n\t\t\t\n\t\t\t<li class=\"eo-event-cat-konzert eo-event-past\" >\n\t\t\t\t<a href=\"https:\/\/widmanns-wirtshaus.de\/kabarett\/events\/event\/nick-woodland\/\">Nick Woodland<\/a> am 18. Juli 2015 20:00\t\t\t<\/li>\n\n\t\t\n\t\t\t\n\t\t\t<li class=\"eo-event-cat-konzert eo-event-past\" >\n\t\t\t\t<a href=\"https:\/\/widmanns-wirtshaus.de\/kabarett\/events\/event\/menueabend-mit-dem-trio-pianocanto\/\">Men\u00fcabend mit dem Trio: &#8222;PianoCanto&#8220;<\/a> am 27. Juni 2015 19:00\t\t\t<\/li>\n\n\t\t\n\t\t\t\n\t\t\t<li class=\"eo-event-cat-konzert eo-event-past\" >\n\t\t\t\t<a href=\"https:\/\/widmanns-wirtshaus.de\/kabarett\/events\/event\/bernd-regenauer-mixtour\/\">Bernd Regenauer &#8222;MixTour&#8220;<\/a> am 9. Mai 2015 20:00\t\t\t<\/li>\n\n\t\t\n\t\t\t\n\t\t\t<li class=\"eo-event-cat-konzert eo-event-past\" >\n\t\t\t\t<a href=\"https:\/\/widmanns-wirtshaus.de\/kabarett\/events\/event\/couplet-ag-perlen-fuer-das-volk\/\">Couplet AG &#8222;Perlen f\u00fcr das Volk&#8220;<\/a> am 24. April 2015 20:00\t\t\t<\/li>\n\n\t\t\n\t\t\t\n\t\t\t<li class=\"eo-event-cat-konzert eo-event-past\" >\n\t\t\t\t<a href=\"https:\/\/widmanns-wirtshaus.de\/kabarett\/events\/event\/senkrecht-pusch\/\">Senkrecht &amp; Pusch<\/a> am 28. M\u00e4rz 2015 20:00\t\t\t<\/li>\n\n\t\t\n\t\t\t\n\t\t\t<li class=\"eo-event-cat-konzert eo-event-past\" >\n\t\t\t\t<a href=\"https:\/\/widmanns-wirtshaus.de\/kabarett\/events\/event\/menueabend-mit-chanson-barbara\/\">Menueabend mit Chanson Barbara<\/a> am 14. M\u00e4rz 2015 19:00\t\t\t<\/li>\n\n\t\t\n\t\t\t\n\t\t\t<li class=\"eo-event-cat-konzert eo-event-past\" >\n\t\t\t\t<a href=\"https:\/\/widmanns-wirtshaus.de\/kabarett\/events\/event\/nessie-tausendschoen\/\">Faltsch Wagoni<\/a> am 21. Februar 2015 20:00\t\t\t<\/li>\n\n\t\t\n\t\t\t\n\t\t\t<li class=\"eo-event-cat-konzert eo-event-past\" >\n\t\t\t\t<a href=\"https:\/\/widmanns-wirtshaus.de\/kabarett\/events\/event\/holger-paetz-jahresrueckblick\/\">Holger Paetz (Jahresr\u00fcckblick)<\/a> am 5. Januar 2015 20:00\t\t\t<\/li>\n\n\t\t\n\t\t\t\n\t\t\t<li class=\"eo-event-cat-konzert eo-event-past\" >\n\t\t\t\t<a href=\"https:\/\/widmanns-wirtshaus.de\/kabarett\/events\/event\/schwarzblond\/\">Schwarzblond<\/a> am 22. November 2014 20:00\t\t\t<\/li>\n\n\t\t\n\t\t\t\n\t\t\t<li class=\"eo-event-cat-konzert eo-event-past\" >\n\t\t\t\t<a href=\"https:\/\/widmanns-wirtshaus.de\/kabarett\/events\/event\/rudi-zapf-mit-seinem-quartett-zapfnstreich\/\">Rudi Zapf mit seinem Quartett &#8222;Zapf\u00b4nstreich&#8220;<\/a> am 25. Oktober 2014 20:00\t\t\t<\/li>\n\n\t\t\n\t\t\t\n\t\t\t<li class=\"eo-event-cat-konzert eo-event-past\" >\n\t\t\t\t<a href=\"https:\/\/widmanns-wirtshaus.de\/kabarett\/events\/event\/ente-gut-alles-gut-5-gang-menue-mit-dem-trio-riscant\/\">Ente gut, alles gut &#8211; 5 Gang Men\u00fc mit dem Trio: \u201eRiscant&#8220;<\/a> am 11. Oktober 2014 19:00\t\t\t<\/li>\n\n\t\t\n\t<\/ul>\n\n\n<p><strong>[wppg_photo_albums_home]<\/strong><\/p>\n<p>Danke an Reiner Riedmiller f\u00fcr die tollen Bilder!!!<\/p>\n<p>Folgende K\u00fcnstler sind bereits seit 2000 im Widmanns Kabarettl aufgetreten &#8211; die Aufz\u00e4hlung ist sicherlich unvollst\u00e4ndig &#8211; \u00fcber 140 Veranstaltungen seit 2002 sprechen vom Erfolg unseres Konzeptes &#8211; schlemmen, h\u00f6ren, genie\u00dfen, staunen, lachen, nachdenken, &#8230;<\/p>\n<ul>\n<li>Simon und Garfunkel Revival Band<\/li>\n<li>Quadro Nuevo<\/li>\n<li>Gernot Ha\u00dfknecht von der ZDF Heute Show mit seinem &#8222;Heinz Erhard Abend&#8220;<\/li>\n<li>Helmut Schleich<\/li>\n<li>Wellk\u00fcren<\/li>\n<li>Mehlprimeln<\/li>\n<li>Herr und Frau Braun<\/li>\n<li>Geisterfahrer<\/li>\n<li>Couplet AG<\/li>\n<li>Zither Man\u00e4<\/li>\n<li>Zapf\u00b4nstreich<\/li>\n<li>Garden of delight<\/li>\n<li>Aisleng<\/li>\n<li>Terzinfarkt<\/li>\n<li>Cash n\u00b4go<\/li>\n<li>Cello Mafia<\/li>\n<li>Fraunhofer Saitenmusik<\/li>\n<li>Unterbiberger Hofmusik<\/li>\n<li>Martina Eisenreich Quartett<\/li>\n<li>Schwarze Gr\u00fctze<\/li>\n<li>Bernd Regenauer<\/li>\n<li>Nessie Tausendsch\u00f6n<\/li>\n<li>Holger Paetz<\/li>\n<li>Peter Moreno.<\/li>\n<\/ul>\n","protected":false},"excerpt":{"rendered":"<p>[wppg_photo_albums_home] Danke an Reiner Riedmiller f\u00fcr die tollen Bilder!!! Folgende K\u00fcnstler sind bereits seit 2000 im Widmanns Kabarettl aufgetreten &#8211; die Aufz\u00e4hlung ist sicherlich unvollst\u00e4ndig &#8211; \u00fcber 140 Veranstaltungen seit 2002 sprechen vom Erfolg unseres Konzeptes &#8211; schlemmen, h\u00f6ren, genie\u00dfen, staunen, lachen, nachdenken, &#8230; Simon und Garfunkel Revival Band Quadro Nuevo Gernot Ha\u00dfknecht von der [&hellip;]<\/p>\n","protected":false},"author":1,"featured_media":0,"parent":0,"menu_order":0,"comment_status":"closed","ping_status":"closed","template":"","meta":{"footnotes":""},"class_list":["post-57","page","type-page","status-publish","hentry"],"_links":{"self":[{"href":"https:\/\/widmanns-wirtshaus.de\/kabarett\/wp-json\/wp\/v2\/pages\/57","targetHints":{"allow":["GET"]}}],"collection":[{"href":"https:\/\/widmanns-wirtshaus.de\/kabarett\/wp-json\/wp\/v2\/pages"}],"about":[{"href":"https:\/\/widmanns-wirtshaus.de\/kabarett\/wp-json\/wp\/v2\/types\/page"}],"author":[{"embeddable":true,"href":"https:\/\/widmanns-wirtshaus.de\/kabarett\/wp-json\/wp\/v2\/users\/1"}],"replies":[{"embeddable":true,"href":"https:\/\/widmanns-wirtshaus.de\/kabarett\/wp-json\/wp\/v2\/comments?post=57"}],"version-history":[{"count":12,"href":"https:\/\/widmanns-wirtshaus.de\/kabarett\/wp-json\/wp\/v2\/pages\/57\/revisions"}],"predecessor-version":[{"id":1581,"href":"https:\/\/widmanns-wirtshaus.de\/kabarett\/wp-json\/wp\/v2\/pages\/57\/revisions\/1581"}],"wp:attachment":[{"href":"https:\/\/widmanns-wirtshaus.de\/kabarett\/wp-json\/wp\/v2\/media?parent=57"}],"curies":[{"name":"wp","href":"https:\/\/api.w.org\/{rel}","templated":true}]}}